*a**3 + 31*a**2 + 16*a + 26. What is f(-15)?
11
Let z(x) = -x**2 + 4*x - 6. Determine z(5).
-11
Let t(q) = 7*q - 49. Determine t(18).
77
Let f(v) = 8*v - 10. What is f(-5)?
-50
Let d(s) = s**2 - 25*s + 47. Determine d(23).
1
Let w(o) = o**3 - 2*o**2 - 2*o - 4. Determine w(0).
-4
Let c(b) = -4*b - 20. Give c(-8).
12
Let a(g) = -g**2 + 25*g + 402. Determine a(-11).
6
Let y(n) = n**3 - 13*n**2 + 16*n - 42. Give y(12).
6
Let j(p) = 22*p**3 + p**2 + 4*p + 3. Determine j(-1).
-22
Let r(g) = g**3 - 9*g**2 - 5*g + 1. What is r(10)?
51
Let a(h) = 2*h**2 - 20*h + 14. What is a(9)?
-4
Let n(l) = -2*l**2 + 4*l + 13. Calculate n(4).
-3
Let a(r) = -r**2 + 12*r - 14. What is a(10)?
6
Let b(d) = d**2 - 41*d + 18. Give b(41).
18
Let r(f) = 10*f**2 + 2*f - 7. Give r(-4).
145
Let m(h) = -2*h**3 - 49*h**2 - 25*h - 20. Calculate m(-24).
4
Let q(i) = i**2 + 8*i - 37. What is q(4)?
11
Let v(t) = -t**3 + 25*t**2 - 65*t - 32. Calculate v(22).
-10
Let i(m) = m**2 - 6. Determine i(-2).
-2
Let z(q) = -q**2 + 9*q - 1. What is z(8)?
7
Let c(w) = -8*w + 110. Give c(5).
70
Let m(c) = c**2 - 6*c + 7. What is m(4)?
-1
Let g(a) = -3*a - 6. Determine g(2).
-12
Let h(c) = c**3 + 6*c**2 - 17*c - 2. Determine h(-8).
6
Let a(s) = 6*s + 66. Give a(-20).
-54
Let x(s) = s**2 - 13*s + 24. Determine x(10).
-6
Let r(f) = -f**2 - 7*f - 2. Determine r(-5).
8
Let n(h) = 3*h + 3. Determine n(-5).
-12
Let s(l) = l**2 + 16*l + 21. Calculate s(-15).
6
Let c(f) = -5*f - 4. What is c(1)?
-9
Let j(m) = m**3 + 5*m**2 + 11*m + 20. What is j(-4)?
-8
Let z(v) = -v**3 - 11*v**2 + 29*v + 34. Give z(-13).
-5
Let h(m) = -m**3 - 13*m**2 - 11*m + 8. What is h(-12)?
-4
Let l(x) = 13*x + 3. Calculate l(-5).
-62
Let u(r) = r**3 - 4*r**2 + r + 1. Give u(4).
5
Let g(c) = 20*c**2 - 1. Give g(-2).
79
Let h(r) = -6*r + 30. Calculate h(10).
-30
Let t(u) = u**3 + 4*u**2 + 4*u - 1. Calculate t(-3).
-4
Let j(y) = -130*y - 650. What is j(-5)?
0
Let j(o) = o**2 + 2*o - 8. Determine j(0).
-8
Let u(y) = y**3 - y**2 - 2*y - 1. Give u(3).
11
Let c(r) = -12*r - 105. Give c(-9).
3
Let x(c) = -29*c + 5. Give x(-3).
92
Let y(s) = 2*s**3 - 52*s**2 - 2*s - 2. Calculate y(26).
-54
Let l(p) = 2*p**3 + 5*p**2 + p + 3. Calculate l(-3).
-9
Let y(v) = -16*v + 52. Give y(7).
-60
Let j(t) = 7*t**2 + 5*t + 8. What is j(-3)?
56
Let b(h) = 4*h - 5. Calculate b(-7).
-33
Let n(s) = s**3 + 21*s**2 + 20*s + 13. What is n(-20)?
13
Let i(x) = -2*x**2 + 4*x + 29. Give i(6).
-19
Let z(l) = -52*l - 1. Give z(-1).
51
Let r(v) = -v + 5. Determine r(8).
-3
Let m(a) = -31*a + 2. What is m(-1)?
33
Let n(y) = y**2 + 19*y + 71. Give n(-15).
11
Let x(m) = m**3 - m**2 + m - 1. What is x(-3)?
-40
Let b(t) = -t**2 - 16*t - 35. Give b(-13).
4
Let g(k) = -13*k - 2. Give g(-1).
11
Let f(v) = -v**3 - 17*v**2 - 16*v + 3. Give f(-16).
3
Let n(y) = y**2 - 6*y - 1. Calculate n(6).
-1
Let s(l) = l**3 + 11*l**2 + 22*l - 21. Give s(-8).
-5
Let u(z) = -z**2 - 28*z + 35. Determine u(-29).
6
Let i(r) = -r**2 + 7*r + 1. Determine i(4).
13
Let h(c) = -3*c**2 - 1. Give h(-1).
-4
Let r(f) = 2*f**2 - f + 13. Give r(0).
13
Let x(g) = 8*g**2 - g + 4. What is x(2)?
34
Let m(b) = 2*b**3 - 5*b**2 + 8*b - 3. What is m(3)?
30
Let z(b) = -b**3 - 10*b**2 - 3*b + 46. Calculate z(-9).
-8
Let q(w) = -w**2 + 3*w + 4. Give q(5).
-6
Let f(r) = r**2 - 5*r + 34. Determine f(0).
34
Let m(d) = 3*d + 16. Calculate m(-13).
-23
Let u(r) = r**3 + 5*r**2 - 22*r - 1. Calculate u(-7).
55
Let g(y) = -y**3 + 6*y**2 - 4*y. Give g(5).
5
Let i(v) = v**2 + 9*v. Give i(-8).
-8
Let z(v) = -31*v**3 + 2*v - 1. Determine z(1).
-30
Let k(v) = -v**2 + 12*v - 1. What is k(12)?
-1
Let z(a) = -26*a - 314. What is z(-12)?
-2
Let n(o) = 5*o + 19. Determine n(-12).
-41
Let z(v) = v**3 - 5*v**2 + 7. What is z(5)?
7
Let c(i) = i + 29. What is c(-28)?
1
Let k(v) = -v**3 + 3*v**2 + 4*v + 7. What is k(6)?
-77
Let o(h) = -3*h**2 + 2*h + 3. Determine o(-2).
-13
Let p(w) = -w**3 + 9*w**2 - 2*w - 3. Give p(9).
-21
Let t(r) = 4*r + 20. Give t(7).
48
Let z(w) = 7*w - 26. Determine z(-13).
-117
Let c(p) = 6*p + 1. Give c(2).
13
Let x(w) = w**2 + 6*w - 3. Calculate x(7).
88
Let y(u) = 3*u**2 - u + 2. Calculate y(1).
4
Let j(d) = 19*d**3 + d - 2. Give j(1).
18
Let z(m) = -m + 2. What is z(7)?
-5
Let m(w) = 4*w + 35. What is m(-7)?
7
Let k(w) = 8*w + 8. Calculate k(4).
40
Let s(w) = -w + 1. What is s(1)?
0
Let b(j) = -3*j + 25. Give b(-5).
40
Let w(o) = o**2 - 41*o + 79. Calculate w(39).
1
Let f(y) = -y**3 + 10*y**2 - y - 18. Calculate f(8).
102
Let r(f) = -f**2 + 2*f - 12. Give r(0).
-12
Let m(p) = 17*p - 62. Calculate m(3).
-11
Let a(h) = h - 6. Give a(-7).
-13
Let l(z) = -z**3 + 8*z**2 - 11*z + 8. What is l(7)?
-20
Let m(p) = p**3 + 5*p**2 - 4*p + 14. What is m(-6)?
2
Let o(f) = -f**3 - 3*f**2 + 7*f. Give o(-5).
15
Let a(o) = o**3 - 2*o**2 - 17*o + 18. Calculate a(5).
8
Let t(b) = -6*b - 60. Determine t(-8).
-12
Let a(f) = -f**2 + 10*f - 15. What is a(7)?
6
Let c(d) = d + 2. What is c(-10)?
-8
Let o(v) = -v**3 - 13*v**2 - 22*v - 1. Determine o(-11).
-1
Let l(u) = 5*u - 12. Determine l(4).
8
Let c(a) = -a**2 + 15*a - 11. Determine c(14).
3
Let o(t) = -t**3 - 16*t**2 - 16*t + 13. What is o(-15)?
28
Let u(l) = 3*l + 19. Give u(-7).
-2
Let i(a) = a - 40. Calculate i(37).
-3
Let f(y) = y**2 - 2*y - 4. Determine f(2).
-4
Let i(q) = q**2 - 10*q - 19. Calculate i(12).
5
Let d(o) = o**3 + 11*o**2 + 20*o + 15. What is d(-9)?
-3
Let y(p) = -p**3 - 6*p**2 + 2*p + 9. Calculate y(-6).
-3
Let u(c) = c**2 + 10*c - 19. Give u(-12).
5
Let h(a) = -2*a**2 - 7*a + 7. Give h(5).
-78
Let m(r) = -r**2 - 8*r + 34. Give m(-11).
1
Let b(a) = 2*a**3 - 68*a**2 + a - 38. Calculate b(34).
-4
Let o(g) = -2*g**2 - 15*g - 8. What is o(-7)?
-1
Let a(f) = -2*f + 59. Determine a(9).
41
Let i(x) = 2*x - 6. What is i(0)?
-6
Let c(b) = -14*b + 47. Calculate c(3).
5
Let d(t) = 2*t**2 + 4*t - 3. Give d(-5).
27
Let t(b) = b. Give t(-4).
-4
Let z(a) = a**3 - 2*a**2 + 2*a - 1. Give z(1).
0
Let d(h) = 4*h + 2. Calculate d(-6).
-22
Let i(j) = -3*j - 21. What is i(0)?
-21
Let t(u) = u**3 + 12*u**2 - 13*u + 16. What is t(-13)?
16
Let i(z) = -4*z**2 - z + 43. Determine i(-6).
-95
Let u(k) = k**3 + 6*k**2 + 9*k + 4. Give u(-4).
0
Let c(r) = -r**2 - 5*r - 13. What is c(-10)?
-63
Let w(j) = -j**3 - 5*j**2 - 3*j + 12. Give w(-5).
27
Let c(u) = 2*u - 25. Give c(9).
-7
Let l(c) = -c**2 - 15*c + 18. Give l(-16).
2
Let i(n) = -n + 36. Give i(-24).
60
Let g(l) = 21*l + 98. Determine g(-5).
-7
Let v(d) = d**3 + 6*d**2 - 8*d - 3. Calculate v(-7).
4
Let g(x) = 2*x + 10. What is g(-8)?
-6
Let g(a) = -9*a + 84. Calculate g(9).
3
Let a(s) = -10*s**3 + 2*s**2 - 1. Calculate a(1).
-9
Let l(g) = 7*g - 141. Give l(16).
-29
Let f(p) = -4*p + 5. Determine f(4).
-11
Let h(f) = f. Give h(-11).
-11
Let l(n) = n**3 - 61*n**2 + 2*n - 113. What is l(61)?
9
Let l(c) = c**2 - 3*c + 11. Calculate l(0).
11
Let n(i) = -i**2 - i - 15. Calculate n(0).
-15
Let m(s) = s**2 - s - 2. Calculate m(2).
0
Let h(i) = -i + 33. Calculate h(19).
14
Let h(p) = p**3 - p**2 - p + 38. Calculate h(0).
38
Let t(l) = -2*l**3 + 3*l**2 + 7. Determine t(4).
-73
Let k(q) = q + 11. Give k(-3).
8
Let b(d) = -16*d**2 + 2*d - 3. What is b(2)?
-63
Let h(u) = -2*u**3 + 10*u**2 - 9*u + 2. Calculate h(4).
-2
Let u(i) = 2*i**2 + 8*i + 9. Determine u(-4).
9
Let s(n) = -n**3 + 4*n**2 + 3*n - 11. Determine s(4).
1
Let y(o) = -o**3 + 14*o**2 - 13*o + 9. Determine y(13).
9
Let y(l) = -l - 13. What is y(-10)?
-3
Let m(l) = -10*l**3 + l**2 + l - 1. Determine m(1).
-9
Let t(o) = -o**2 - 14*o + 47. Give t(-12).
71
Let x(g) = g - 52. What is x(19)?
-33
Let x(u) = u + 3. Calculate x(2).
5
Let t(w) = w**3 - 2*w**2 - 3*w + 1. What is t(3)?
1
Let o(t) = -2*t**2 + 29*t + 49. What is o(16)?
1
Let m(u) = 2*u**2 - 15*u - 6. Determine m(8).
2
Let f(a) = -a**3 - 15*a**2 - 34*a + 6. Give f(-3).
0
Let k(c) = -9*c + 44. Calculate k(4).
8
Let t(s) = 2*s**2 - 10*s - 34. Determine t(0).
-34
Let u(a) = a**3 + 2*a - 25. Determine u(4).
47
Let j(a) = -a**2 - 2*a + 4. Calculate j(4).
-20
Let u(d) = -d**3 + 8*d**2 - 3*d + 18. Give u(8).
-6
Let c(p) = 2*p**2 - 34. Determine c(0).
-34
Let s(g) = 4*g**3 + 5*g**2 + 2*g - 1. Calculate s(-3).
-70
Let j(r) = r - 13. Give j(13).
0
Let n(a) = -a**3 - 6*a**2 + 5*a + 10. Give n(-7).
24
Let g(l) = l - 32. Give g(33).
1
Let j(y) = y**2 - 